{"id":535,"date":"2023-04-04T13:00:03","date_gmt":"2023-04-04T13:00:03","guid":{"rendered":"https:\/\/camaraiquique.cl\/?page_id=535"},"modified":"2023-04-12T16:29:39","modified_gmt":"2023-04-12T16:29:39","slug":"fomento","status":"publish","type":"page","link":"https:\/\/camaraiquique.cl\/index.php\/fomento\/","title":{"rendered":"Fomento"},"content":{"rendered":"\n<div class=\"wp-block-uagb-container uagb-block-fc20987d alignfull uagb-is-root-container\"><div class=\"uagb-container-inner-blocks-wrap\">\n<div class=\"wp-block-uagb-container uagb-block-23ef7b3e\"><\/div>\n\n\n\n<div class=\"wp-block-uagb-container uagb-block-125eb112\">\n<div class=\"wp-block-uagb-advanced-heading uagb-block-5f19943d\"><h1 class=\"uagb-heading-text\">Redes de <br>Fomento<\/h1><\/div>\n<\/div>\n<\/div><\/div>\n\n\n\n<div class=\"wp-block-uagb-container uagb-block-8726a73e alignfull uagb-is-root-container\"><div class=\"uagb-container-inner-blocks-wrap\">\n<div class=\"wp-block-uagb-container uagb-block-871f0b38\">\n<div class=\"wp-block-uagb-advanced-heading uagb-block-348e288a\"><h1 class=\"uagb-heading-text\">\u00bfSab\u00edas qu\u00e9?<\/h1><\/div>\n<\/div>\n\n\n\n<div class=\"wp-block-uagb-container uagb-block-d6f87d53\">\n<div class=\"guten-element gutenverse-text-editor guten-0eHg58\"><div class=\"text-content-inner\">\n<p>El Estado de Chile ha creado una red de fomento que pone a disposici\u00f3n de los emprendedores una serie de herramientas y servicios para que lleven sus ideas a la pr\u00e1ctica y tengan \u00e9xito en su negocio. En las distintas instituciones de la Red de Fomento, los emprendedores podr\u00e1n encontrar informaci\u00f3n y orientaci\u00f3n para su empresa.<\/p>\n\n\n\n<p>Nuestra Instituci\u00f3n brinda asesor\u00eda a sus asociados para que puedan acceder a los beneficios estatales en esta materia, as\u00ed estos tienen la posibilidad de crecimiento, desarrollar sus ideas y ampliar su negocio.<\/p>\n<\/div><\/div>\n<\/div>\n<\/div><\/div>\n\n\n\n<div class=\"wp-block-gutenverse-divider guten-element guten-divider guten-zxxjqA\"><div class=\"guten-divider-wrapper\"><div class=\"guten-divider-dotted guten-divider-line guten-divider-regular\"><\/div><\/div><\/div>\n\n\n\n<div class=\"wp-block-uagb-container uagb-block-57dbebc5 alignfull uagb-is-root-container\"><div class=\"uagb-container-inner-blocks-wrap\">\n<div class=\"wp-block-uagb-container uagb-block-922ff4fd\">\n<div class=\"wp-block-gutenverse-image guten-element guten-image guten-HtsRSU\"><a class=\"guten-image-wrapper\" href=\"https:\/\/www.sercotec.cl\/\" target=\"_blank\" rel=\"noreferrer noopener\"><img loading=\"lazy\" decoding=\"async\" class=\"gutenverse-image-box-filled\" src=\"https:\/\/camaraiquique.cl\/wp-content\/uploads\/2023\/04\/sercotec.jpg\" height=\"189\" width=\"385\"\/><\/a><\/div>\n<\/div>\n\n\n\n<div class=\"wp-block-uagb-container uagb-block-ce0cce79\">\n<div class=\"wp-block-gutenverse-image guten-element guten-image guten-XCydgZ\"><a class=\"guten-image-wrapper\" href=\"https:\/\/www.corfo.cl\/sites\/cpp\/homecorfo\" target=\"_blank\" rel=\"noreferrer noopener\"><img loading=\"lazy\" decoding=\"async\" class=\"gutenverse-image-box-filled\" src=\"https:\/\/camaraiquique.cl\/wp-content\/uploads\/2023\/04\/corfo.jpg\" height=\"189\" width=\"385\"\/><\/a><\/div>\n<\/div>\n\n\n\n<div class=\"wp-block-uagb-container uagb-block-42de5056\">\n<div class=\"wp-block-gutenverse-image guten-element guten-image guten-gei9W8\"><a class=\"guten-image-wrapper\" href=\"https:\/\/www.fosis.gob.cl\/es\/\" target=\"_blank\" rel=\"noreferrer noopener\"><img loading=\"lazy\" decoding=\"async\" class=\"gutenverse-image-box-filled\" src=\"https:\/\/camaraiquique.cl\/wp-content\/uploads\/2023\/04\/fosis.jpg\" height=\"189\" width=\"385\"\/><\/a><\/div>\n<\/div>\n<\/div><\/div>\n","protected":false},"excerpt":{"rendered":"","protected":false},"author":1,"featured_media":0,"parent":0,"menu_order":0,"comment_status":"closed","ping_status":"closed","template":"","meta":{"_uag_custom_page_level_css":"","site-sidebar-layout":"default","site-content-layout":"page-builder","ast-global-header-display":"","ast-main-header-display":"","ast-hfb-above-header-display":"","ast-hfb-below-header-display":"","ast-hfb-mobile-header-display":"","site-post-title":"disabled","ast-breadcrumbs-content":"","ast-featured-img":"","footer-sml-layout":"","theme-transparent-header-meta":"","adv-header-id-meta":"","stick-header-meta":"","header-above-stick-meta":"","header-main-stick-meta":"","header-below-stick-meta":"","footnotes":""},"class_list":["post-535","page","type-page","status-publish","hentry"],"uagb_featured_image_src":{"full":false,"thumbnail":false,"medium":false,"medium_large":false,"large":false,"1536x1536":false,"2048x2048":false},"uagb_author_info":{"display_name":"Camara Comercio","author_link":"https:\/\/camaraiquique.cl\/index.php\/author\/admin_cmiri5dd\/"},"uagb_comment_info":0,"uagb_excerpt":null,"_links":{"self":[{"href":"https:\/\/camaraiquique.cl\/index.php\/wp-json\/wp\/v2\/pages\/535","targetHints":{"allow":["GET"]}}],"collection":[{"href":"https:\/\/camaraiquique.cl\/index.php\/wp-json\/wp\/v2\/pages"}],"about":[{"href":"https:\/\/camaraiquique.cl\/index.php\/wp-json\/wp\/v2\/types\/page"}],"author":[{"embeddable":true,"href":"https:\/\/camaraiquique.cl\/index.php\/wp-json\/wp\/v2\/users\/1"}],"replies":[{"embeddable":true,"href":"https:\/\/camaraiquique.cl\/index.php\/wp-json\/wp\/v2\/comments?post=535"}],"version-history":[{"count":10,"href":"https:\/\/camaraiquique.cl\/index.php\/wp-json\/wp\/v2\/pages\/535\/revisions"}],"predecessor-version":[{"id":739,"href":"https:\/\/camaraiquique.cl\/index.php\/wp-json\/wp\/v2\/pages\/535\/revisions\/739"}],"wp:attachment":[{"href":"https:\/\/camaraiquique.cl\/index.php\/wp-json\/wp\/v2\/media?parent=535"}],"curies":[{"name":"wp","href":"https:\/\/api.w.org\/{rel}","templated":true}]}}